{"id":111,"date":"2021-12-06T10:42:06","date_gmt":"2021-12-06T10:42:06","guid":{"rendered":"https:\/\/kunszigetapartman.hu\/?page_id=111"},"modified":"2022-01-05T14:06:36","modified_gmt":"2022-01-05T14:06:36","slug":"interaktiv-terkep","status":"publish","type":"page","link":"https:\/\/kunszigetapartman.hu\/index.php\/interaktiv-terkep\/","title":{"rendered":"Interakt\u00edv t\u00e9rk\u00e9p"},"content":{"rendered":"<p>[et_pb_section fb_built=&#8221;1&#8243; admin_label=&#8221;Intro Section&#8221; module_id=&#8221;terkep&#8221; _builder_version=&#8221;4.14.2&#8243; custom_padding=&#8221;5px|0px|100px|0px||&#8221; global_colors_info=&#8221;{}&#8221;][et_pb_row admin_label=&#8221;Intro Row&#8221; _builder_version=&#8221;3.25&#8243; global_colors_info=&#8221;{}&#8221;][et_pb_column type=&#8221;4_4&#8243; _builder_version=&#8221;3.25&#8243; custom_padding=&#8221;|||&#8221; global_colors_info=&#8221;{}&#8221; custom_padding__hover=&#8221;|||&#8221;][et_pb_text admin_label=&#8221;Title &#038; Paragraph&#8221; _builder_version=&#8221;4.14.2&#8243; text_font=&#8221;Muli|600|||||||&#8221; text_font_size=&#8221;18px&#8221; text_line_height=&#8221;1.8em&#8221; header_font=&#8221;||||||||&#8221; header_2_font=&#8221;Muli|700|||||||&#8221; header_2_text_align=&#8221;center&#8221; header_2_font_size=&#8221;50px&#8221; header_2_line_height=&#8221;1.4em&#8221; text_orientation=&#8221;center&#8221; max_width=&#8221;800px&#8221; max_width_last_edited=&#8221;off|desktop&#8221; module_alignment=&#8221;center&#8221; custom_margin=&#8221;|||&#8221; custom_padding=&#8221;|||&#8221; custom_padding_last_edited=&#8221;off|desktop&#8221; header_2_font_size_tablet=&#8221;&#8221; header_2_font_size_phone=&#8221;40px&#8221; header_2_font_size_last_edited=&#8221;on|phone&#8221; global_colors_info=&#8221;{}&#8221;]<\/p>\n<h2>Interakt\u00edv t\u00e9rk\u00e9p<\/h2>\n<p><span style=\"font-size: 18px; color: #666666;\">V\u00e1lassza ki apartmanj\u00e1t a t\u00e9rk\u00e9pen!<\/span><\/p>\n<p>Az apartmanok f\u00f6l\u00e9 h\u00fazva a kurzort t\u00f6bb inform\u00e1ci\u00f3 tudhat\u00f3 meg, r\u00e1juk kattintva \u00faj ablakban ny\u00edlik meg az apartman oldala.\u00a0A jobb fels\u0151 sarokban v\u00e1laszthat\u00f3 ki az emelet.\u00a0<\/p>\n<p>[\/et_pb_text][et_pb_code _builder_version=&#8221;4.14.2&#8243; _module_preset=&#8221;default&#8221; global_colors_info=&#8221;{}&#8221;]<div id=\"image-map-pro-3696\"><\/div>[\/et_pb_code][\/et_pb_column][\/et_pb_row][\/et_pb_section]<\/p>\n","protected":false},"excerpt":{"rendered":"<p>Interakt\u00edv t\u00e9rk\u00e9p V\u00e1lassza ki apartmanj\u00e1t a t\u00e9rk\u00e9pen! Az apartmanok f\u00f6l\u00e9 h\u00fazva a kurzort t\u00f6bb inform\u00e1ci\u00f3 tudhat\u00f3 meg, r\u00e1juk kattintva \u00faj ablakban ny\u00edlik meg az apartman oldala.\u00a0A jobb fels\u0151 sarokban v\u00e1laszthat\u00f3 ki az emelet.\u00a0<div id=\"image-map-pro-3696\"><\/div><\/p>\n","protected":false},"author":1,"featured_media":0,"parent":0,"menu_order":0,"comment_status":"closed","ping_status":"closed","template":"","meta":{"_et_pb_use_builder":"on","_et_pb_old_content":"","_et_gb_content_width":"","footnotes":""},"class_list":["post-111","page","type-page","status-publish","hentry"],"yoast_head":"<!-- This site is optimized with the Yoast SEO plugin v17.7.1 - https:\/\/yoast.com\/wordpress\/plugins\/seo\/ -->\n<title>Interakt\u00edv t\u00e9rk\u00e9p - Kunsziget Apartmanok<\/title>\n<meta name=\"robots\" content=\"index, follow, max-snippet:-1, max-image-preview:large, max-video-preview:-1\" \/>\n<link rel=\"canonical\" href=\"https:\/\/kunszigetapartman.hu\/index.php\/interaktiv-terkep\/\" \/>\n<meta property=\"og:locale\" content=\"hu_HU\" \/>\n<meta property=\"og:type\" content=\"article\" \/>\n<meta property=\"og:title\" content=\"Interakt\u00edv t\u00e9rk\u00e9p - Kunsziget Apartmanok\" \/>\n<meta property=\"og:description\" content=\"Interakt\u00edv t\u00e9rk\u00e9p V\u00e1lassza ki apartmanj\u00e1t a t\u00e9rk\u00e9pen! Az apartmanok f\u00f6l\u00e9 h\u00fazva a kurzort t\u00f6bb inform\u00e1ci\u00f3 tudhat\u00f3 meg, r\u00e1juk kattintva \u00faj ablakban ny\u00edlik meg az apartman oldala.\u00a0A jobb fels\u0151 sarokban v\u00e1laszthat\u00f3 ki az emelet.\u00a0\" \/>\n<meta property=\"og:url\" content=\"https:\/\/kunszigetapartman.hu\/index.php\/interaktiv-terkep\/\" \/>\n<meta property=\"og:site_name\" content=\"Kunsziget Apartmanok\" \/>\n<meta property=\"article:modified_time\" content=\"2022-01-05T14:06:36+00:00\" \/>\n<meta name=\"twitter:card\" content=\"summary_large_image\" \/>\n<meta name=\"twitter:label1\" content=\"Becs\u00fclt olvas\u00e1si id\u0151\" \/>\n\t<meta name=\"twitter:data1\" content=\"1 perc\" \/>\n<script type=\"application\/ld+json\" class=\"yoast-schema-graph\">{\"@context\":\"https:\/\/schema.org\",\"@graph\":[{\"@type\":\"WebSite\",\"@id\":\"https:\/\/kunszigetapartman.hu\/#website\",\"url\":\"https:\/\/kunszigetapartman.hu\/\",\"name\":\"Kunsziget Apartmanok\",\"description\":\"Just another WordPress site\",\"potentialAction\":[{\"@type\":\"SearchAction\",\"target\":{\"@type\":\"EntryPoint\",\"urlTemplate\":\"https:\/\/kunszigetapartman.hu\/?s={search_term_string}\"},\"query-input\":\"required name=search_term_string\"}],\"inLanguage\":\"hu\"},{\"@type\":\"WebPage\",\"@id\":\"https:\/\/kunszigetapartman.hu\/index.php\/interaktiv-terkep\/#webpage\",\"url\":\"https:\/\/kunszigetapartman.hu\/index.php\/interaktiv-terkep\/\",\"name\":\"Interakt\\u00edv t\\u00e9rk\\u00e9p - Kunsziget Apartmanok\",\"isPartOf\":{\"@id\":\"https:\/\/kunszigetapartman.hu\/#website\"},\"datePublished\":\"2021-12-06T10:42:06+00:00\",\"dateModified\":\"2022-01-05T14:06:36+00:00\",\"breadcrumb\":{\"@id\":\"https:\/\/kunszigetapartman.hu\/index.php\/interaktiv-terkep\/#breadcrumb\"},\"inLanguage\":\"hu\",\"potentialAction\":[{\"@type\":\"ReadAction\",\"target\":[\"https:\/\/kunszigetapartman.hu\/index.php\/interaktiv-terkep\/\"]}]},{\"@type\":\"BreadcrumbList\",\"@id\":\"https:\/\/kunszigetapartman.hu\/index.php\/interaktiv-terkep\/#breadcrumb\",\"itemListElement\":[{\"@type\":\"ListItem\",\"position\":1,\"name\":\"Home\",\"item\":\"https:\/\/kunszigetapartman.hu\/\"},{\"@type\":\"ListItem\",\"position\":2,\"name\":\"Interakt\\u00edv t\\u00e9rk\\u00e9p\"}]}]}<\/script>\n<!-- \/ Yoast SEO plugin. -->","yoast_head_json":{"title":"Interakt\u00edv t\u00e9rk\u00e9p - Kunsziget Apartmanok","robots":{"index":"index","follow":"follow","max-snippet":"max-snippet:-1","max-image-preview":"max-image-preview:large","max-video-preview":"max-video-preview:-1"},"canonical":"https:\/\/kunszigetapartman.hu\/index.php\/interaktiv-terkep\/","og_locale":"hu_HU","og_type":"article","og_title":"Interakt\u00edv t\u00e9rk\u00e9p - Kunsziget Apartmanok","og_description":"Interakt\u00edv t\u00e9rk\u00e9p V\u00e1lassza ki apartmanj\u00e1t a t\u00e9rk\u00e9pen! Az apartmanok f\u00f6l\u00e9 h\u00fazva a kurzort t\u00f6bb inform\u00e1ci\u00f3 tudhat\u00f3 meg, r\u00e1juk kattintva \u00faj ablakban ny\u00edlik meg az apartman oldala.\u00a0A jobb fels\u0151 sarokban v\u00e1laszthat\u00f3 ki az emelet.\u00a0","og_url":"https:\/\/kunszigetapartman.hu\/index.php\/interaktiv-terkep\/","og_site_name":"Kunsziget Apartmanok","article_modified_time":"2022-01-05T14:06:36+00:00","twitter_card":"summary_large_image","twitter_misc":{"Becs\u00fclt olvas\u00e1si id\u0151":"1 perc"},"schema":{"@context":"https:\/\/schema.org","@graph":[{"@type":"WebSite","@id":"https:\/\/kunszigetapartman.hu\/#website","url":"https:\/\/kunszigetapartman.hu\/","name":"Kunsziget Apartmanok","description":"Just another WordPress site","potentialAction":[{"@type":"SearchAction","target":{"@type":"EntryPoint","urlTemplate":"https:\/\/kunszigetapartman.hu\/?s={search_term_string}"},"query-input":"required name=search_term_string"}],"inLanguage":"hu"},{"@type":"WebPage","@id":"https:\/\/kunszigetapartman.hu\/index.php\/interaktiv-terkep\/#webpage","url":"https:\/\/kunszigetapartman.hu\/index.php\/interaktiv-terkep\/","name":"Interakt\u00edv t\u00e9rk\u00e9p - Kunsziget Apartmanok","isPartOf":{"@id":"https:\/\/kunszigetapartman.hu\/#website"},"datePublished":"2021-12-06T10:42:06+00:00","dateModified":"2022-01-05T14:06:36+00:00","breadcrumb":{"@id":"https:\/\/kunszigetapartman.hu\/index.php\/interaktiv-terkep\/#breadcrumb"},"inLanguage":"hu","potentialAction":[{"@type":"ReadAction","target":["https:\/\/kunszigetapartman.hu\/index.php\/interaktiv-terkep\/"]}]},{"@type":"BreadcrumbList","@id":"https:\/\/kunszigetapartman.hu\/index.php\/interaktiv-terkep\/#breadcrumb","itemListElement":[{"@type":"ListItem","position":1,"name":"Home","item":"https:\/\/kunszigetapartman.hu\/"},{"@type":"ListItem","position":2,"name":"Interakt\u00edv t\u00e9rk\u00e9p"}]}]}},"_links":{"self":[{"href":"https:\/\/kunszigetapartman.hu\/index.php\/wp-json\/wp\/v2\/pages\/111","targetHints":{"allow":["GET"]}}],"collection":[{"href":"https:\/\/kunszigetapartman.hu\/index.php\/wp-json\/wp\/v2\/pages"}],"about":[{"href":"https:\/\/kunszigetapartman.hu\/index.php\/wp-json\/wp\/v2\/types\/page"}],"author":[{"embeddable":true,"href":"https:\/\/kunszigetapartman.hu\/index.php\/wp-json\/wp\/v2\/users\/1"}],"replies":[{"embeddable":true,"href":"https:\/\/kunszigetapartman.hu\/index.php\/wp-json\/wp\/v2\/comments?post=111"}],"version-history":[{"count":7,"href":"https:\/\/kunszigetapartman.hu\/index.php\/wp-json\/wp\/v2\/pages\/111\/revisions"}],"predecessor-version":[{"id":395,"href":"https:\/\/kunszigetapartman.hu\/index.php\/wp-json\/wp\/v2\/pages\/111\/revisions\/395"}],"wp:attachment":[{"href":"https:\/\/kunszigetapartman.hu\/index.php\/wp-json\/wp\/v2\/media?parent=111"}],"curies":[{"name":"wp","href":"https:\/\/api.w.org\/{rel}","templated":true}]}}